 the highest common divisor of u and 44.
11
Let l be -1 + -2 - 15/(-3). Suppose -23 = -5*c + l. What is the greatest common divisor of c and 5?
5
Suppose 3*j - 6 = -y + 20, 2*j + 2*y = 12. Calculate the greatest common factor of j and 15.
5
Let z be (0/(2 + -4))/1. Suppose 5*b - 4*b + 14 = z. Let c be ((-180)/14)/(2/b). What is the greatest common divisor of c and 10?
10
Let i(f) = -f**3 + 4*f + 3. Let k be i(-2). What is the greatest common factor of 54 and k?
3
Suppose 5*q - 5 = 5*p, -q + 3 = 4*p + 7. Suppose 2*r - 12 + 0 = q. What is the highest common factor of 2 and r?
2
Let j(u) = u + 11. Let n be j(5). What is the greatest common divisor of 128 and n?
16
Let w be 66*-5*2/(-15). What is the greatest common factor of w and 11?
11
Suppose k - 6*k + 15 = 0. Let c be 2 - (-1)/(2 - k). Calculate the greatest common divisor of c and 4.
1
Suppose 5*a - 55 = 4*a. What is the greatest common divisor of 5 and a?
5
Suppose -r + 76 = -2*f + 4*f, 3*f + 3*r - 111 = 0. Calculate the highest common divisor of f and 13.
13
Let a be (-1 - 1)*(-25 - -3). What is the greatest common divisor of a and 4?
4
Let l = -23 - -36. What is the greatest common factor of 26 and l?
13
Suppose -36 = -3*q + 96. Suppose 3*o + 0*o - q = -2*z, z + 69 = 5*o. What is the highest common factor of 126 and o?
14
Let c = -17 - -31. Calculate the highest common divisor of 56 and c.
14
Suppose 0 = 5*h - 6*h - 10. Let n = h - -20. Suppose -o = -0*d + 2*d - 40, -3*o + n = d. Calculate the greatest common factor of d and 11.
11
Suppose 25 = 2*b - 3*c, 2*b - 3*c = 5*b. Suppose -3*j + 2*d = -0*d - 5, -5 = -5*j + b*d. Let m be 6 - j*3/9. What is the highest common factor of 45 and m?
5
Let m be (7/(-2))/(2/(-4)). Let c = 168 + -91. Calculate the greatest common divisor of c and m.
7
Let z(k) = k - 2. Let t be z(6). Let d = 31 + -21. Calculate the highest common divisor of d and t.
2
Let b be (1 - -2)/(66/352). Calculate the greatest common factor of 24 and b.
8
Let w(v) = v**2 - 19*v - 23. Let d be w(22). What is the highest common divisor of 344 and d?
43
Suppose x = 2*p - 0*p - 11, -5*p + x = -35. What is the greatest common divisor of 72 and p?
8
Let p be (-2)/(-6) - (-22)/6. Let h(s) = -85*s + 12*s - p*s. Let b be h(-3). What is the greatest common factor of b and 21?
21
Let m(i) = 5*i**3 + i - 2*i**2 + 2*i**2. Let t be m(1). What is the greatest common factor of t and 6?
6
Suppose -4*b = -6*b + 4*f + 66, -3*f + 77 = 4*b. What is the highest common divisor of b and 23?
23
Let b = -102 - -144. Let r(s) = s**3 - 3*s**2 + 2*s - 2. Let o be r(3). Suppose o = w - 10. What is the highest common divisor of b and w?
14
Let d = 77 + -63. What is the highest common divisor of d and 2?
2
Let y(z) = -3*z - 6. Let a be y(-3). What is the highest common divisor of 57 and a?
3
Let b(o) = -o**2 - 5*o - 12. Let i be b(-9). Let h be i/(-9) + 3/(-9). What is the highest common divisor of h and 25?
5
Suppose -2*b + 13 = 5*n - 26, -5*n + 4*b = -27. Calculate the greatest common divisor of 7 and n.
7
Suppose -2*q + 45 = 5*a, 2*a = 5*a + 5*q - 46. Let g = -1 - a. Let s be g/(-2 + (-12)/(-9)). What is the greatest common factor of s and 84?
12
Let g be -4*((-43)/6 - (-1)/(-3)). Calculate the greatest common factor of g and 45.
15
Suppose -l - 3 = -1. Let u be 8 - 6*(-1)/l. Suppose t = -t + 5*r + 49, 0 = t + u*r + 13. Calculate the greatest common divisor of 6 and t.
6
Suppose 2 = 5*i - 4*i. Suppose -i*b = -5*b + 45. Calculate the greatest common divisor of b and 15.
15
Let o be 4/(-6) + (-16)/3. Let i be 66*(2 - o/(-4)). Let t be 6/i - 185/(-11). Calculate the highest common factor of t and 17.
17
Let k = -1 + -25. Let s = k + 36. Calculate the highest common divisor of s and 100.
10
Suppose -2*o = -0*o + 2*j - 84, 86 = 2*o + 3*j. Suppose 5*z + 3*v + 9 = 52, 5 = z - 3*v. What is the highest common factor of o and z?
8
Let c = -17 - -50. What is the greatest common divisor of 33 and c?
33
Suppose 0 = 3*p + 6, -2*t - 11 = -p - 49. Let d be (-234)/(-45) - (-4)/5. What is the highest common divisor of d and t?
6
Let n be -78*(-1 + (-4)/(-8)). Calculate the highest common factor of 13 and n.
13
Let k be 2*2/4*-10. Let q = 28 + k. Let f(v) = v**2 + 3*v - 2. Let j be f(-4). What is the greatest common divisor of q and j?
2
Suppose u = 3*c - 53, 4*c = -u + 3*u + 74. What is the highest common factor of 1 and c?
1
Let i be 96/9 + (-2)/3. Suppose -4*v - i + 42 = 0. Let c = 63 - 31. Calculate the highest common divisor of c and v.
8
Suppose -17 = 3*t - 83. What is the greatest common factor of 198 and t?
22
Suppose 3*l - 5 = 1. Calculate the highest common factor of 8 and l.
2
Let q(d) = d**3 + 12*d**2 + 12*d + 15. Let m be q(-11). Suppose p - w + m*w - 130 = 0, 4*p - 530 = -2*w. What is the highest common factor of 19 and p?
19
Let k(b) = -b**3 - 5*b**2 + 4*b. Let y be k(-6). Suppose 3*w - 12 = -3*z, z + 5*w + 16 = 2*z. Let i = 54 - z. Calculate the greatest common divisor of y and i.
12
Let b(o) = 2 + 6*o**2 - 3*o + 4*o**2 + o - 2*o**2. Let i be b(-3). What is the highest common divisor of i and 10?
10
Let g be 1/3 + 188/12. Suppose -w + 12 + 4 = 0. What is the greatest common divisor of g and w?
16
Let k be (3 + -1)*(-10)/(-4). Suppose 2*b = 2*p - 0*b - 272, -k*b + 136 = p. What is the greatest common divisor of p and 17?
17
Suppose 0*j + 135 = 3*j. Let y(h) = -2*h. Let k be y(-2). Suppose 0*m = k*m - 72. What is the greatest common divisor of j and m?
9
Suppose 2*u = -9*c + 4*c + 43, -5*c = -2*u - 27. What is the highest common factor of 7 and c?
7
Let m be 21/2*(-4)/(-3). Let b = 27 - m. Suppose 4*x = 11 + b. Calculate the greatest common factor of 48 and x.
6
Let z be 24 + -1 + 3/(-3). What is the greatest common divisor of z and 55?
11
Let q = 253 - 541. Let f be q/(-21) - 2/(-7). Suppose 7*b = 3*b + 56. Calculate the greatest common divisor of b and f.
14
Let w = -30 + 46. Let j(r) = -w + 18 - r**2 - 3*r + 10*r. Let h be j(6). What is the highest common divisor of 88 and h?
8
Suppose -z = -0*n + n - 46, 0 = 4*n - 4*z - 216. Suppose 3*q - 18 = -3. Suppose -q*x + 7*x - 20 = 0. What is the greatest common divisor of n and x?
10
Let s = -14 - -22. Calculate the greatest common divisor of 64 and s.
8
Suppose 2*n - 18 = 4*k + 6, -3*n + 26 = -4*k. Let x(g) = 3*g - 7 - g**2 + n*g + 3*g. Let h be x(6). What is the greatest common divisor of 1 and h?
1
Suppose 5*q = -5*d + 50, 3*q - 7*d - 16 = -3*d. Let s be (-8)/(1*(-1)/1). What is the greatest common divisor of s and q?
8
Suppose 3*b = w + 28, -4*b + 3 = 2*w - 41. Calculate the greatest common factor of 50 and b.
10
Let n = 40 - 31. Calculate the highest common factor of n and 63.
9
Let y = -1 - -1. Let k(o) = 3*o - 43. Let z be k(19). Suppose -w + y*w = -z. Calculate the greatest common factor of 28 and w.
14
Suppose 3*x = -0*x + 63. Calculate the greatest common divisor of x and 7.
7
Suppose -4*c = -88 - 52. Calculate the highest common divisor of 35 and c.
35
Suppose -o + 2*q = -0*o - 1, -o + 3*q = 0. Calculate the highest common divisor of o and 33.
3
Let b be 633/12 - (-2)/8. Let j = -75 + b. Let q = j - -143. What is the greatest common factor of 11 and q?
11
Let h(r) = -r**3 - 4*r**2 + 2*r - 7. Let y = -14 - -9. Let m be h(y). Calculate the highest common divisor of m and 8.
8
Let q(n) = 3*n**3 - n**2 + 1. Let g be q(-1). Let x be ((-39)/(-5))/(g/(-15)). Suppose k - 9 = 17. Calculate the highest common factor of x and k.
13
Suppose 9*s - 4*s - 35 = 0. Let k = 230 + -153. Calculate the greatest common factor of k and s.
7
Let t be (-90)/(-4)*(-24)/(-30). Calculate the highest common divisor of 90 and t.
18
Let l = 8 + 5. Let s = 72 - 20. Calculate the highest common divisor of l and s.
13
Suppose y = g - 46, -3*g - g + 2*y = -180. What is the highest common factor of g and 33?
11
Let o be (0 + -3)*24/9. Let u = 11 + o. Let p = u - -7. What is the greatest common divisor of p and 110?
10
Let o = -31 + 46. Calculate the greatest common divisor of o and 60.
15
Let m(t) = -t**3 + 9*t**2 + 8*t - 6. Let c be m(9). Let q(s) = s - 3. Let u be q(9). What is the highest common factor of u and c?
6
Let q be -2 + -2 - (0 - 34). What is the greatest common factor of 45 and q?
15
Let h be -2 + 0 + (30/(-3))/(-1). What is the greatest common factor of h and 6?
2
Let i(h) 